0 + 21)*(-1)/(-6)*2. Suppose -d*g = -3*g - i - 1167, -5*g = -3*i - 1464. Is g prime?
False
Suppose -3*x - 3*y = -60018, 4*y + 15 = 19. Is x a prime number?
False
Suppose -7*z = 2*m - 9*z, z = 3*m. Suppose 2*h = -3*a + 8*a + 62774, h + 5*a - 31387 = m. Is h composite?
False
Suppose -2*r + 2 = 4, -3*o + 129397 = 2*r. Is o composite?
False
Suppose 5*k - 4*y = -308, 2*y - 12 = k + 52. Let r = -58 - k. Suppose r*t = 403 + 131. Is t composite?
True
Suppose -2*g + 301627 = -9*m, 150812 = 24*g - 23*g - 3*m. Is g prime?
False
Let b(q) = -37*q**3 - 3*q**2 + q + 2. Let p be b(-3). Let d = p - -1488. Is d a prime number?
True
Let l(r) = -r. Let h be l(-4). Let y(u) = -11*u + 2*u - 8*u**2 + 53*u**2 - 5*u**2 - h. Is y(5) a composite number?
True
Let k = -31000 - -93947. Is k a prime number?
False
Let b = 34580 - -71091. Is b composite?
True
Let l(c) = 10 - 6*c**2 - 44*c - c - 11*c**3 - 5*c**3. Is l(-7) a prime number?
True
Let r(j) = -973*j**3 + 14*j + 20. Is r(-3) prime?
True
Let i(f) = 70*f + 218. Let t be i(8). Let v = t - -859. Is v a prime number?
True
Is ((-118010)/(-25))/((-152)/(-4180)) composite?
True
Suppose 57*o - 2 = 55*o. Let h(l) = 406*l**2 - 21*l + 22. Is h(o) a prime number?
False
Let k(j) = 3267 + 8*j**2 - 3204 + 2*j**2 - 51*j. Is k(22) a composite number?
True
Suppose -462*h - 71237493 + 191314527 = 0. Is h prime?
True
Is (-342220)/(-6) - -15*4/180 a prime number?
True
Suppose -4 = -4*l, -3*f - 3*l + 143794 = -8*l. Is f composite?
False
Is (-28)/30 + (-3)/(-9) - (-5752096)/35 a prime number?
False
Let y(x) = 20*x**3 + x**2 - 3*x - 10. Let t be y(4). Suppose -3*c - 969 = -4*d + t, 4*d + 2*c - 2218 = 0. Is d a composite number?
False
Let a(v) = 3*v**2 + 5*v + 1. Let j be a(-2). Suppose -6796 = -5*m + 6*n - j*n, 2*m + 5*n - 2737 = 0. Is m a prime number?
True
Let f = 25527 + -17863. Suppose -2*x - f = -18*x. Is x a prime number?
True
Let k = -135 - -130. Let u(v) = -242*v + 151. Is u(k) a prime number?
True
Let s = 24449 - 11699. Suppose 2*y = 4*v - 14826, 2074 + s = 4*v - 4*y. Is v prime?
False
Let v(z) = -2*z**2 - 4*z + 3. Let t be v(3). Let q be t/(-18)*(-8)/3. Is (-2 + (q - -7))*919 a prime number?
True
Let j(t) = 2*t**2 - 23*t + 15. Let m be j(11). Suppose -m*l + 2*a = 4*a - 32164, 4*l - a - 32152 = 0. Is l a composite number?
False
Suppose 26936 = 7*t - 91077. Is t composite?
True
Let p(r) = r**3 + 7*r**2 + 4*r - 3. Let u be p(-6). Let h(x) = x**2 + 1 - 7 - 29*x**3 + 6*x + 15 + 30*x**3 - 4. Is h(u) prime?
False
Suppose 5*y - 11 = -1. Suppose -5*m - 2*b + 18 = 0, 3*b + 2*b = -y*m + 24. Is (1 + 0)/(m/4306) a prime number?
True
Let t(z) = -4757*z - 4. Let k be t(2). Let h = 16417 + k. Is h prime?
True
Is 2/7 + 16 + 18537912/168 prime?
False
Let k(j) be the third derivative of -11*j**4/12 + 35*j**3/6 - 11*j**2 + 7*j. Let m(l) = -7*l**2 - 3*l - 2. Let z be m(-2). Is k(z) composite?
False
Let v be (1/(-2))/((-10)/(-60)). Is (-24590)/(-15)*(v + 36/8) a prime number?
True
Let h(f) = -1112*f - 58 + 10 - 46 - 27. Is h(-4) a prime number?
True
Let q(i) = i**3 + 89*i**2 + 764*i + 47. Is q(-48) composite?
False
Suppose 3*i = -i. Let w = 6688 - 6684. Suppose -n + i*n - 11670 = -5*u, -w*u + 2*n = -9342. Is u composite?
False
Suppose 0 = 5*s + 4*l - 11693620, 0 = -5*s - 2*l + 10941476 + 752154. Is (s/16)/((-24)/(-16)) a prime number?
False
Suppose 5*h = 16*h - 157080. Suppose -13*r = -2529 - h. Is r composite?
True
Let i be -1 - ((-54)/(-3))/(-3). Let l(r) = -5*r**2 + 5*r - r**3 - r + i + 8 - 5*r. Is l(-6) prime?
False
Suppose 4*x - 2*b - 3876914 = 0, -x = -5*b + 399533 - 1368721. Is x composite?
False
Let j(m) = 3*m**2 - 4*m. Suppose 4*i - 1 = -3*k, -2*k = -1 + 11. Let u be j(i). Suppose 37*r - 1345 = u*r. Is r composite?
False
Let q = 37162 - 3471. Is q prime?
False
Let x(u) = -u**2 - 4*u. Let g be x(3). Let j(w) = w**3 + 21*w**2 - w + 7. Let i be j(g). Let k = 65 - i. Is k prime?
True
Let d = 52633 - -108074. Is d composite?
True
Suppose -m - 2*i = -10, -6*m + i = -m - 17. Suppose -2530 - 442 = -m*w. Is w a prime number?
True
Let i(o) = 4391*o**2 - 32*o - 112. Is i(-3) composite?
False
Let u(r) = 3415*r - 559. Let h(i) = -2278*i + 373. Let k(y) = -7*h(y) - 5*u(y). Is k(-9) a composite number?
True
Suppose 4078 = 3*o - 5*r, -2*o + 2*r = -2*r - 2718. Suppose 97*i - 98*i + o = 0. Is i a composite number?
False
Let c = -273142 - -404801. Is c a composite number?
True
Let x(k) be the first derivative of -k**5/20 - 7*k**4/12 + k**3/6 - 25*k**2/2 + 13*k + 3. Let f(l) be the first derivative of x(l). Is f(-8) a composite number?
False
Let t(c) be the first derivative of 393*c**4/4 - 7*c**3/3 + 11*c**2/2 - c - 129. Is t(2) a composite number?
False
Let x(s) = -s**3 + 16*s**2 - 46*s + 10. Let g be x(16). Let z = -80 - 11. Let t = z - g. Is t prime?
False
Let i = -725 - -1803. Let x = i + 6235. Is x a prime number?
False
Is (6 + -2)*14118769/224*8 prime?
True
Let l(h) = h**2 - 6*h + 110. Let o be l(27). Suppose -5*w = -14612 + o. Is w composite?
True
Suppose 10*g - 380174 + 1698464 = 6007820. Is g prime?
True
Suppose -3*k + 9*v + 25 = 4*v, -5*k = 5*v + 25. Suppose 3*t + 2 + 19 = k. Is (298/(-4))/(t/14) a composite number?
False
Let w = 515 - 540. Is 12*361 - (-7)/35*w a prime number?
True
Suppose 6*v + v = 28. Suppose 0 = 4*q + 5*h + 11653, -3*h = -v*q + 6716 - 18393. Is (q/(-2))/((-15)/(-30)) composite?
False
Let p = -2086 + 2081. Suppose -2*r - 1 = -2*q - 5, -2*r - 4*q = 26. Is (p/r)/((-11)/(-2937)) composite?
True
Let i be (6 + -4)*6/4. Let x be ((-2)/i)/((-10)/(-15)) - -1279. Let v = 569 + x. Is v a composite number?
False
Suppose 12 = 3*z, 155433 = m + 5*z + 41545. Is (((-56)/6)/4)/((-12)/m) composite?
True
Suppose 470*j - 571*j = -34684309. Is j composite?
True
Let b(s) = s**2 + s + 4. Let q be b(0). Let d = q + -1. Suppose -4*u = 3*c + c - 760, 0 = -d*u - 3. Is c a prime number?
True
Is (-8 + 138)/10 - -2125 composite?
True
Suppose -84*s + 1828896 = -50*s + 307022. Is s prime?
False
Let c(v) = 4*v**2 + 7*v - 19. Let p(n) = n**2 - 1. Let u(d) = -c(d) + 6*p(d). Let s be u(13). Is (12/8)/(15/s) prime?
False
Suppose 2*k - 108 + 142 = 0. Is 2/(-17) + (-1209)/k a prime number?
True
Is (-12)/((-180)/1583895) - 6 a prime number?
False
Let j = -52 + 56. Let n be -1 - 2*j/(32/(-4)). Let t(d) = d**2 + 2*d + 1319. Is t(n) a prime number?
True
Let f be (-4)/(-7)*(-189)/(-54). Suppose 4*n - f*n + c - 23731 = 0, -3*c - 23711 = -2*n. Is n a prime number?
True
Let a(d) = -d**2 - 23*d - 18. Let l be a(-22). Suppose 3352 = l*g - 3172. Suppose 0 = -5*f - 2*c + 2059, -419 = -5*f - 5*c + g. Is f composite?
True
Let h be ((-9)/6)/(7/(-14)). Let v be (-1530)/(-24) + h/(14 + -2). Let u = 405 - v. Is u a composite number?
True
Let j(l) be the third derivative of 61*l**6/120 - l**5/30 + 3*l**4/8 - l**3/6 + 2*l**2 + 936. Suppose 2 = -2*z + 10. Is j(z) a composite number?
False
Suppose -44*k + 48*k - 560 = 0. Let x be 2*(k/8)/7. Suppose -3*m = -x*m + 3764. Is m composite?
True
Suppose -30 = 8*k - 94. Let g be 66510/35 + k/(-28). Let n = g + -729. Is n prime?
True
Let m be 1/(4 - (-1 + 2))*0. Suppose -2*b - 2*o = m, -2*o - 36 = -4*b + 3*o. Suppose -3*a - b*j - 6407 = -15224, 11756 = 4*a + 5*j. Is a prime?
True
Let w(p) = -21*p**2 - 22*p - 95. Let j be w(-25). Let o = -5451 - j. Is o composite?
False
Let s = 418039 + -253578. Is s a prime number?
False
Let n be -3 + 176 - (0 + 3). Let c = -448 + n. Let s = 461 - c. Is s a prime number?
True
Suppose 12*z = 6*z + 270468. Suppose 7*a = -4*a + z. Suppose 0 = 8*g - 1654 - a. Is g composite?
False
Suppose 5*m + 20 = 0, 0 = -4*i - 4*m + 21 - 149. Is (16538/10)/(i/(-140)) composite?
False
Is (-36 + 69 - 301690)*2/(-2) a prime number?
True
Suppose 0 = -5*d - 15, -2*h + d + 66652 = -6205. Is h composite?
True
Let p be 7*947 - (5 + -6)/1. Suppose -4*z - 2*s = -p, 2*z + 3*s = -1572 + 4889. Is z a composite number?
False
Let c be (4/(-22))/(34/(-187)). Is (5 + (-2)/c)*(-298381)/(-87) prime?
True
Let o(t) = 48*t - 2*t + t**3 + 22*t**2 - 5*t + 26. Let v be o(-20). Suppose 2*x - v*d - 376 = -3*d, 3*x - 3*d - 567 = 0. Is x composite?
False
Let s(t) = -t**3 + 33*t**2 - 47*t + 12. Let v be s(34). Let j = v - -8001. Is j a prime number?
False
Let p be 32/(-24)*366/4. Let u be 9*(p/6)/((-8)/16). Suppose -4*j - 2*v + v + u = 0, v = 2. Is j a prime nu